uppose u*i + 16 = 121. Calculate the highest common factor of 168 and i.
21
Let x = -37 - -25. Let l = 0 - x. Calculate the highest common divisor of 84 and l.
12
Let t(r) = -r + 5. Let f be t(3). Let g = 6 + -1. Let c = -3 + g. What is the highest common divisor of f and c?
2
Suppose 53 = 4*r - 11. Calculate the greatest common divisor of 16 and r.
16
Let r be -108 - (0 + 0/(-2)). Let o = r + 151. Let g = -31 + o. Calculate the greatest common factor of 18 and g.
6
Suppose -5 = -w, -3*i - 4*w = w - 64. Calculate the greatest common factor of i and 13.
13
Suppose 4*f - 260 = -0*f. Let c = f + -26. What is the greatest common divisor of c and 26?
13
Suppose 2*o - 3*g + 6*g - 369 = 0, 4*o - 714 = 2*g. Calculate the greatest common divisor of o and 18.
18
Suppose -5*y = 3*x - 277, x + 4*x - 5*y - 395 = 0. Suppose 3*r + x = 4*j, -2*j + 44 = 2*r - 4*r. Calculate the highest common divisor of j and 2.
2
Let t = 46 - 37. Let q = -1 + 4. Calculate the highest common factor of q and t.
3
Let j(u) = u**3 + 10*u**2 + 9*u + 3. Let f be j(-9). Suppose f = 3*v - 0. What is the greatest common divisor of 2 and v?
1
Let n be (-2)/8 + (-292)/(-16). Calculate the greatest common divisor of 27 and n.
9
Suppose -3*q + 0*q = -9. Suppose q*t - 44 = -t. Calculate the highest common factor of t and 99.
11
Suppose 2*j + 345 = -3*y - 2*j, -3*j + 230 = -2*y. Let z = 116 - y. Let b be -1*(-23 - -2) + 0. What is the highest common factor of z and b?
21
Suppose 5*t + 3*w - 3 = 0, 10*t - 4*w - 31 = 5*t. Suppose -d + 39 = t*o, -2*d = 5*o - d - 65. Calculate the highest common divisor of 117 and o.
13
Let a(v) = -v**3 - 5*v**2 - 2*v - 3. Let n be a(-5). Let b = 11 - n. Suppose 58 = -b*c + 378. Calculate the greatest common factor of c and 8.
8
Let s be (2 - 1) + (3 - -376). Suppose 5*c + s = -5*f, 0*c - 295 = 4*c - 5*f. Let h = c - -129. What is the greatest common factor of 9 and h?
9
Suppose -5*u - 1 = -4*u. Let w be (-4)/(-10) + 213/5. Let h be -3*u/3 + w. Calculate the greatest common factor of 110 and h.
22
Suppose 2*f = -4*h + 24, 4*f + 0*f - 58 = 2*h. Let a(w) = -20*w**3 - w**2 + 2*w + 2. Let z be a(-2). What is the highest common divisor of z and f?
14
Let p(f) = 5*f - 10. Let t be (-2)/(6/21)*-1. Let v be p(t). What is the greatest common factor of 125 and v?
25
Suppose -4*t - 8 = -4. Let a be t + 2 + 4/4. What is the highest common divisor of a and 6?
2
Let b(a) = -13*a + 1. Let n be b(-1). Calculate the highest common divisor of n and 2.
2
Suppose -12 + 4 = 2*v, -3*l = 4*v - 245. What is the greatest common factor of l and 29?
29
Suppose 0 = f + 3*p - 45, 0 = -f - 4*p - 11 + 52. What is the greatest common factor of 76 and f?
19
Suppose s = -s - n + 10, -3*s - 2*n + 15 = 0. Suppose -h + s*h = 8. Let t(j) = j. Let v be t(5). Calculate the greatest common factor of v and h.
1
Suppose -3*v + 7*v - 140 = 0. Calculate the greatest common factor of 7 and v.
7
Let v(f) = 3*f**2 - 2*f**2 - 3 + 8*f - 2*f**2. Let s be (-2)/7 - 111/(-21). Let j be v(s). Calculate the highest common divisor of j and 8.
4
Let b(z) = 2*z**3 + 4*z**2 - 6*z. Let y be b(2). What is the greatest common divisor of y and 110?
10
Let c(q) = q**2 + 2*q + 2. Suppose -4*x + 5 = -3*g - 13, 2*x - 4 = -g. Let k be c(g). Calculate the greatest common divisor of 16 and k.
2
Let v(d) = 2*d - 2*d + 7*d**2 - 2*d + d**3 + 7. Let o be v(-6). Let i(y) = y. Let f be i(5). Calculate the greatest common divisor of f and o.
5
Suppose -2*h + 178 + 46 = 0. What is the highest common divisor of h and 16?
16
Suppose 0 = 5*u - u - 44. What is the highest common factor of u and 22?
11
Suppose 5*w = 5*o - 193 - 352, -3*o = -4*w - 326. Let r = -6 - -17. Calculate the highest common divisor of r and o.
11
Suppose 0 = n - 0*n - 2. Let b be (16 - -2)/n - 0. Calculate the greatest common divisor of b and 6.
3
Let f(r) = r**3 - 10*r**2 + 6*r. Let u be f(10). Calculate the greatest common divisor of u and 12.
12
Let o = 10 - 6. Suppose 20 + o = 3*p. Calculate the greatest common divisor of 12 and p.
4
Suppose 4*k - 5 = 3, -4*w + 36 = -4*k. Let r(f) = f**3 + 7*f**2 + 1. Suppose -8 = j - 1. Let q be r(j). What is the greatest common divisor of w and q?
1
Suppose -f - 3 = -4*o - 4, -3*o = 15. Let x = -10 - f. What is the greatest common divisor of x and 18?
9
Let j(r) be the second derivative of -2*r**3/3 - r**2/2 - 7*r. Let h be j(-1). What is the greatest common factor of 33 and h?
3
Let h(g) = -11*g - 6. Let k be h(-2). What is the highest common divisor of 16 and k?
16
Let h be (-3 + 4)/(1/(-15)). Let a be 2/((-28)/h + -2). Let g = 32 + a. Calculate the greatest common divisor of g and 136.
17
Let p(a) = a**3 - 6*a**2 - 14*a - 9. Let u be p(9). What is the greatest common factor of 24 and u?
12
Let x(p) = -9*p - 87. Let l be x(-10). Let y = 4 + -1. Calculate the greatest common divisor of l and y.
3
Suppose n + n = 3*c - 165, -9 = 3*c. Let o = n - -165. What is the greatest common divisor of o and 13?
13
Suppose -726 = 58*r - 59*r. What is the greatest common divisor of r and 66?
66
Suppose -184 = -5*v + 276. Let f = v - 62. Suppose -3*i - 6 = 0, -o - 2*o + 64 = -2*i. Calculate the highest common factor of f and o.
10
Let q(p) = 5*p - 7. Let a be q(3). Calculate the highest common factor of 88 and a.
8
Let f(w) = 2*w - 1. Suppose -5*c + 5 + 25 = 0. Let x be f(c). Calculate the greatest common divisor of x and 88.
11
Let y = 5 - 9. Let h = y - -12. What is the highest common divisor of 12 and h?
4
Let s be (-6)/(-4) + 1/(-2). Suppose 0 = -2*c + 4 + 8. Let y be 30 + s/2*c. Calculate the highest common factor of y and 3.
3
Suppose 4*t - 5 - 50 = 3*v, -5*t = -v - 66. What is the greatest common factor of 91 and t?
13
Let c(d) = d**2 + 5*d + 4. Let u be c(-7). Let k = u - -66. Calculate the highest common divisor of 14 and k.
14
Suppose 0 = h - 2 - 0. Let z be 431/3 - h/3. Calculate the greatest common divisor of z and 13.
13
Suppose -13 = -2*k - 3*b, -3*b - 11 = -4*k - 4*b. Let g = 1 + k. Suppose o - 152 = -g*o. Calculate the greatest common factor of o and 57.
19
Suppose 3 = 4*h - 1. Let l be h*15 + (-3 - 0). Let m(w) = w**3 - 5*w**2 + 8*w - 4. Let a be m(5). What is the highest common factor of l and a?
12
Let n be -2 + 55 - (5 - 1). Calculate the highest common divisor of 7 and n.
7
Let g(q) = 2*q**2 + q - 16. Let z be g(4). What is the greatest common factor of z and 30?
10
Let q(f) = -8*f - 24. Let d be q(-6). Calculate the highest common factor of d and 96.
24
Let n = 3 - 1. Suppose 2*c = n - 10. Let l(x) = x**3 + 5*x**2 + 3*x + 4. Let i be l(c). Calculate the highest common divisor of i and 16.
8
Suppose 0 = -5*g + g + 5*b + 22, -4*b + 4 = 4*g. Suppose -2 = q + g. Let x be 1/(-1) + (-50)/q. What is the greatest common factor of 81 and x?
9
Let i(w) = 2*w - 4. Let v be i(11). Calculate the greatest common factor of 6 and v.
6
Let j be (48/(-60))/(1/(-30)). What is the greatest common divisor of 6 and j?
6
Let q(t) = t**3 - 6*t**2 + 7*t - 3. Let y be q(5). What is the greatest common factor of y and 14?
7
Let o(t) = -t**3 + 12*t**2 - 4*t - 5. Let i be o(11). Calculate the greatest common factor of 18 and i.
18
Let q be -1 + 0 + 24/4. Suppose -27 + 12 = -q*m. What is the greatest common factor of 33 and m?
3
Suppose 8 = -4*h + 24. Suppose -h*y - 2*n + 7*n + 75 = 0, 25 = 5*n. Calculate the highest common divisor of 5 and y.
5
Suppose -3*x - 26 = 4*s, 3*x + 5*s = 2*x - 27. Let f = 4 - -1. Let y = x + f. Calculate the greatest common factor of y and 2.
1
Let n = -22 - -68. Calculate the greatest common factor of n and 115.
23
Let s(g) be the third derivative of -g**6/120 + g**5/4 + g**4/12 - 2*g**3 - g**2. Let v be s(15). What is the highest common factor of 27 and v?
9
Suppose -2*t = 2*s + t + 13, -5*t - 20 = 5*s. Let z be s + -2*(-30)/4. Suppose 0 = 3*p - 106 + z. What is the greatest common factor of 10 and p?
10
Suppose -3*o + 364 = -3*w - 17, -2*w = -6. Calculate the highest common factor of o and 26.
26
Let o be 70 - 1*(7 + -3). What is the highest common factor of 44 and o?
22
Suppose -3*f + f = -198. What is the greatest common factor of f and 9?
9
Suppose 3*f = d + 59, f - 43 = 2*d + 3*d. Let h(p) = 7*p**3 + 118*p**2 - 19*p - 28. Let j be h(-17). Calculate the highest common factor of f and j.
6
Let t(w) be the third deri